{"id":1566,"date":"2024-09-30T08:34:23","date_gmt":"2024-09-30T08:34:23","guid":{"rendered":"https:\/\/anders-kreative-kurse-peine.de\/?page_id=1566"},"modified":"2026-01-23T13:54:28","modified_gmt":"2026-01-23T13:54:28","slug":"naehen-vor-fuer-weihnachten","status":"publish","type":"page","link":"https:\/\/anders-kreative-kurse-peine.de\/?page_id=1566","title":{"rendered":"&#8222;N\u00e4hen vor \/ f\u00fcr Weihnachten&#8220;"},"content":{"rendered":"\n<figure class=\"wp-block-image size-full\"><img decoding=\"async\" loading=\"lazy\" width=\"176\" height=\"144\" src=\"https:\/\/anders-kreative-kurse-peine.de\/wp-content\/uploads\/2024\/09\/7156.jpg\" alt=\"\" class=\"wp-image-1567\"\/><\/figure>\n\n\n\n<p><strong>Dieser Kurs ist geeignet f\u00fcr Kinder ab 8 Jahre, Jugendliche und Erwachsene. <\/strong><\/p>\n\n\n\n<p><strong>Vorkenntnisse sind nicht erforderlich!<\/strong><\/p>\n\n\n\n<p>Oft ist <strong>in der Woche nicht gen\u00fcgend Zeit<\/strong> oder den <strong>Wunschtermin<\/strong> im regul\u00e4ren N\u00e4h-Treff ist <strong>ausgebucht<\/strong>. Vielleicht m\u00f6chten <strong>Eltern und Kinder auch gemeinsam<\/strong> kreativ werden?!<\/p>\n\n\n\n<p>NEUE TERMINE NACH DEN HERBST-FERIEN 2026!<\/p>\n\n\n\n<p><\/p>\n\n\n\n<p>W<strong>ichtig! Du brauchst auf jeden Fall einen Termin zur Vorbesprechung,<\/strong> damit du in deiner Zeit im N\u00e4h-Treff m\u00f6glichst effektiv arbeiten kannst und ein tolles Ergebnis erzielst \ud83d\ude42 !<\/p>\n\n\n\n<p>Die N\u00e4hmaschinen und Werkzeuge stelle ich zur Verf\u00fcgung. <strong>Du bringst das Material mit &#8211; und los geht`s!<\/strong><\/p>\n\n\n\n<p><strong>Termine und Kosten<\/strong>:  (Es m\u00fcssen <strong>mindestens zwei Personen je Termin<\/strong> angemeldet sein, damit das Angebot stattfinden kann!)<\/p>\n\n\n\n<p><strong>Pro Person (3 Std.) 35,-\u20ac<\/strong><\/p>\n\n\n\n<p><\/p>\n\n\n\n<p>+++++++++++++++++++++++++++++++++++++++++++++++++++++++++++++++++++++<\/p>\n\n\n\n<p><strong>Ich freue mich auf gemeinsame kreative Stunden \ud83d\ude42 <\/strong><\/p>\n","protected":false},"excerpt":{"rendered":"<p>Dieser Kurs ist geeignet f\u00fcr Kinder ab 8 Jahre, Jugendliche und Erwachsene. Vorkenntnisse sind nicht erforderlich! Oft ist in der Woche nicht gen\u00fcgend Zeit oder den Wunschtermin im regul\u00e4ren N\u00e4h-Treff ist ausgebucht. Vielleicht m\u00f6chten Eltern und Kinder auch gemeinsam kreativ &hellip; <a href=\"https:\/\/anders-kreative-kurse-peine.de\/?page_id=1566\">Weiterlesen <span class=\"meta-nav\">&rarr;<\/span><\/a><\/p>\n","protected":false},"author":1,"featured_media":0,"parent":0,"menu_order":0,"comment_status":"closed","ping_status":"closed","template":"","meta":[],"_links":{"self":[{"href":"https:\/\/anders-kreative-kurse-peine.de\/index.php?rest_route=\/wp\/v2\/pages\/1566"}],"collection":[{"href":"https:\/\/anders-kreative-kurse-peine.de\/index.php?rest_route=\/wp\/v2\/pages"}],"about":[{"href":"https:\/\/anders-kreative-kurse-peine.de\/index.php?rest_route=\/wp\/v2\/types\/page"}],"author":[{"embeddable":true,"href":"https:\/\/anders-kreative-kurse-peine.de\/index.php?rest_route=\/wp\/v2\/users\/1"}],"replies":[{"embeddable":true,"href":"https:\/\/anders-kreative-kurse-peine.de\/index.php?rest_route=%2Fwp%2Fv2%2Fcomments&post=1566"}],"version-history":[{"count":33,"href":"https:\/\/anders-kreative-kurse-peine.de\/index.php?rest_route=\/wp\/v2\/pages\/1566\/revisions"}],"predecessor-version":[{"id":1713,"href":"https:\/\/anders-kreative-kurse-peine.de\/index.php?rest_route=\/wp\/v2\/pages\/1566\/revisions\/1713"}],"wp:attachment":[{"href":"https:\/\/anders-kreative-kurse-peine.de\/index.php?rest_route=%2Fwp%2Fv2%2Fmedia&parent=1566"}],"curies":[{"name":"wp","href":"https:\/\/api.w.org\/{rel}","templated":true}]}}

&#8222;Nähen vor / für Weihnachten&#8220;

<figure class="wp-block-image size-full"><img decoding="async" loading="lazy" width="176" height="144" src="https://anders-kreative-kurse-peine.de/wp-content/uploads/2024/09/7156.jpg" alt="" class="wp-image-1567"/></figure>



<p><strong>Dieser Kurs ist geeignet für Kinder ab 8 Jahre, Jugendliche und Erwachsene. </strong></p>



<p><strong>Vorkenntnisse sind nicht erforderlich!</strong></p>



<p>Oft ist <strong>in der Woche nicht genügend Zeit</strong> oder den <strong>Wunschtermin</strong> im regulären Näh-Treff ist <strong>ausgebucht</strong>. Vielleicht möchten <strong>Eltern und Kinder auch gemeinsam</strong> kreativ werden?!</p>



<p>NEUE TERMINE NACH DEN HERBST-FERIEN 2026!</p>



<p></p>



<p>W<strong>ichtig! Du brauchst auf jeden Fall einen Termin zur Vorbesprechung,</strong> damit du in deiner Zeit im Näh-Treff möglichst effektiv arbeiten kannst und ein tolles Ergebnis erzielst 🙂 !</p>



<p>Die Nähmaschinen und Werkzeuge stelle ich zur Verfügung. <strong>Du bringst das Material mit &#8211; und los geht`s!</strong></p>



<p><strong>Termine und Kosten</strong>:  (Es müssen <strong>mindestens zwei Personen je Termin</strong> angemeldet sein, damit das Angebot stattfinden kann!)</p>



<p><strong>Pro Person (3 Std.) 35,-€</strong></p>



<p></p>



<p>+++++++++++++++++++++++++++++++++++++++++++++++++++++++++++++++++++++</p>



<p><strong>Ich freue mich auf gemeinsame kreative Stunden 🙂 </strong></p>

<p>Dieser Kurs ist geeignet für Kinder ab 8 Jahre, Jugendliche und Erwachsene. Vorkenntnisse sind nicht erforderlich! Oft ist in der Woche nicht genügend Zeit oder den Wunschtermin im regulären Näh-Treff ist ausgebucht. Vielleicht möchten Eltern und Kinder auch gemeinsam kreativ &hellip; <a href="https://anders-kreative-kurse-peine.de/?page_id=1566">Weiterlesen <span class="meta-nav">&rarr;</span></a></p>
